{"id":229,"date":"2019-05-23T09:53:02","date_gmt":"2019-05-23T09:53:02","guid":{"rendered":"http:\/\/jonpult.undefiniert.ch\/?page_id=229"},"modified":"2025-07-28T14:07:36","modified_gmt":"2025-07-28T12:07:36","slug":"mia-persuna","status":"publish","type":"page","link":"https:\/\/jonpult.ch\/rm\/mia-persuna\/","title":{"rendered":"Mia Presuna"},"content":{"rendered":"\n<div class=\"wp-block-stackable-columns alignfull stk-block-columns stk-block stk-d6ae916 stk-block-background stk-entrance\" data-block-id=\"d6ae916\"><style>.stk-d6ae916 {background-color:#eef4f9 !important;align-items:center !important;padding-top:75px !important;padding-right:175px !important;padding-bottom:75px !important;padding-left:175px !important;margin-bottom:0px !important;display:flex !important;--entrance-transform:translateY(0px) !important;}.stk-d6ae916:before{background-color:#eef4f9 !important;}.stk-d6ae916-column{--stk-column-gap:30px !important;}@media screen and (max-width: 767px){.stk-d6ae916 {padding-top:50px !important;padding-right:20px !important;padding-bottom:50px !important;padding-left:20px !important;margin-right:0px !important;margin-bottom:0px !important;margin-left:0px !important;--stk-col-order-1:2 !important;--stk-col-order-2:1 !important;}}<\/style><div class=\"stk-row stk-inner-blocks stk-block-content stk-content-align stk-d6ae916-column alignfull\">\n<div class=\"wp-block-stackable-column stk-block-column stk-column stk-block stk-cfd7156\" data-v=\"4\" data-block-id=\"cfd7156\"><style>.stk-cfd7156 {align-self:flex-start !important;}.stk-cfd7156-inner-blocks{align-items:flex-start !important;row-gap:var(--stk--preset--spacing--none, 0px) !important;}@media screen and (min-width: 768px){.stk-cfd7156 {flex:var(--stk-flex-grow, 1) 1 calc(60% - var(--stk-column-gap, 0px) * 1 \/ 2 ) !important;}}<\/style><div class=\"stk-column-wrapper stk-block-column__content stk-container stk-cfd7156-container stk--no-background stk--no-padding\"><div class=\"has-text-align-left stk--column-flex stk-block-content stk-inner-blocks stk-cfd7156-inner-blocks\">\n<h2 class=\"wp-block-heading\"><strong>Biografia<\/strong><\/h2>\n\n\n\n<p>Als 12 october 1984 sun eu nat a Scuol cul dubel vaschinadi svizzer-talian. A Guarda in Engiadina Bassa e a Milan n\u2019haja passant\u00e0 mia infanzia. Avant co cumanzar la scoulina a Domat\/Ems e Cuoira nu savaiva tudais-ch. Imprender davopro tudais-ch es stat \u00fcna lecziun fundamentala: Discuorrer \u00fcn cun tschel voul dir tadlar, incleger \u2013 e esser svessa inclegiantaivel. Usch\u00e8 as fabricha punts \u00fcn cun tschel. Quai m\u2019ha fuorm\u00e0. Fingi\u00e0 bod n\u2019haja realis\u00e0 cha la trilinguit\u00e0 e la diversit\u00e0 culturala da mia famiglia es \u00fcna furt\u00fcna.       <\/p>\n\n\n\n<p>Eu n\u2019ha frequent\u00e0 la scoula primara ed il gimnasi a Cuoira, ingio ch\u2019eu sun cresch\u00fc s\u00fc insembel cun meis genituors e meis frar.  &nbsp;A <a href=\"http:\/\/www.uzh.ch\/index.html\" target=\"_blank\" rel=\"noreferrer noopener\">l\u2019universit\u00e0 da Turich<\/a> &nbsp;n\u2019haja st\u00fcbgi\u00e0 istorgia, istorgia da l\u2019economia ed istorgia sociala sco eir filosofia e fat il licenziat. Dasp\u00f6 il gimnasi n\u2019haja investi bler temp ed energia illa lavur politica. Cun 19 ons suna gn\u00fc elet sco cusglier com\u00fcnal da Cuoira e cun 24 ons sco president dal PS Grischun, cun 26 ons sco grondcusglier, cun 29 ons sco president da <a href=\"https:\/\/proalps.ch\/\">Pro Alps<\/a> (viavant Iniziativa da las Alps), cun 35 ons sco cusglier naziunal e cun 36 sco vicepresident dal PS Svizzra. Cun 39 ons sun eu stat, insembel cun l\u2019actual cusglier federal Beat Jans, candidat official per la successiun dal ex cusglier federal Alain Berset. Hoz n\u2019haja l\u2019onur dad esser il president da la <a href=\"https:\/\/www.sga-aspe.ch\/\">Societ\u00e0 svizra per la politica da l\u2019exteriur SGA-ASPE<\/a> e da la <a href=\"https:\/\/www.fmr.ch\/de\/\">FMR Fundaziun Medias Rumantschas<\/a>.    <\/p>\n\n\n\n<p>Sper la politica ed il st\u00fcdi n\u2019haja lavur\u00e0 sco magister auxiliar per rimplazzamaints. Per set ons n\u2019haja lavur\u00e0 sco cusgliader da strategia e comunicaziun pro l\u2019agentura z\u00fcrigaisa Feinheit SA. &nbsp;<a href=\"https:\/\/feinheit.ch\/\" target=\"_blank\" rel=\"noreferrer noopener\">Feinheit SA.<\/a> Hoz sun eu president dal cussagl administrativ da Feinheit. Eu viv a Cuoira e a Berna cun mia duonna e mia figlia.  <\/p>\n\n\n\n<p>Meis hobis sun leger, viagiar, mangiar, far jogging e star insembel cun meis amis.<\/p>\n<\/div><\/div><\/div>\n\n\n\n<div class=\"wp-block-stackable-column stk-block-column stk-column stk-block stk-5d8ef97\" data-v=\"4\" data-block-id=\"5d8ef97\"><style>.stk-5d8ef97 {align-self:flex-start !important;}.stk-5d8ef97-inner-blocks{align-items:flex-start !important;}@media screen and (min-width: 768px){.stk-5d8ef97 {flex:var(--stk-flex-grow, 1) 1 calc(40% - var(--stk-column-gap, 0px) * 1 \/ 2 ) !important;}}<\/style><div class=\"stk-column-wrapper stk-block-column__content stk-container stk-5d8ef97-container stk--no-background stk--no-padding\"><div class=\"stk--column-flex stk-block-content stk-inner-blocks stk-5d8ef97-inner-blocks\">\n<figure class=\"wp-block-image alignfull size-full is-style-default\"><img decoding=\"async\" width=\"1263\" height=\"867\" src=\"https:\/\/jonpult.ch\/wp-content\/smush-webp\/2023\/05\/Foto-UeBER-MICH-mitte.jpg.webp\" alt=\"\" class=\"wp-image-3007\" srcset=\"https:\/\/jonpult.ch\/wp-content\/smush-webp\/2023\/05\/Foto-UeBER-MICH-mitte.jpg.webp 1263w, https:\/\/jonpult.ch\/wp-content\/smush-webp\/2023\/05\/Foto-UeBER-MICH-mitte-300x206.jpg.webp 300w, https:\/\/jonpult.ch\/wp-content\/smush-webp\/2023\/05\/Foto-UeBER-MICH-mitte-1024x703.jpg.webp 1024w, https:\/\/jonpult.ch\/wp-content\/smush-webp\/2023\/05\/Foto-UeBER-MICH-mitte-768x527.jpg.webp 768w, https:\/\/jonpult.ch\/wp-content\/smush-webp\/2023\/05\/Foto-UeBER-MICH-mitte-1200x824.jpg.webp 1200w, https:\/\/jonpult.ch\/wp-content\/smush-webp\/2023\/05\/Foto-UeBER-MICH-mitte-50x34.jpg.webp 50w, https:\/\/jonpult.ch\/wp-content\/smush-webp\/2023\/05\/Foto-UeBER-MICH-mitte-73x50.jpg.webp 73w, https:\/\/jonpult.ch\/wp-content\/smush-webp\/2023\/05\/Foto-UeBER-MICH-mitte-100x69.jpg.webp 100w, https:\/\/jonpult.ch\/wp-content\/smush-webp\/2023\/05\/Foto-UeBER-MICH-mitte-146x100.jpg.webp 146w, https:\/\/jonpult.ch\/wp-content\/smush-webp\/2023\/05\/Foto-UeBER-MICH-mitte-932x640.jpg.webp 932w, https:\/\/jonpult.ch\/wp-content\/smush-webp\/2023\/05\/Foto-UeBER-MICH-mitte-640x439.jpg.webp 640w, https:\/\/jonpult.ch\/wp-content\/smush-webp\/2023\/05\/Foto-UeBER-MICH-mitte-1119x768.jpg.webp 1119w\" sizes=\"(max-width: 1263px) 100vw, 1263px\" \/><\/figure>\n<\/div><\/div><\/div>\n<\/div><\/div>\n\n\n\n<div style=\"height:50px\" aria-hidden=\"true\" class=\"wp-block-spacer\"><\/div>\n\n\n\n<div class=\"wp-block-stackable-columns alignfull stk-block-columns stk-block stk-eaff6c8 stk-block-background stk-entrance\" data-block-id=\"eaff6c8\"><style>.stk-eaff6c8 {background-color:#f2ba42 !important;align-items:flex-start !important;padding-top:75px !important;padding-right:175px !important;padding-bottom:75px !important;padding-left:175px !important;margin-bottom:0px !important;display:flex !important;--entrance-transform:translateY(0px) !important;}.stk-eaff6c8:before{background-color:#f2ba42 !important;}.stk-eaff6c8-column{--stk-column-gap:30px !important;}@media screen and (max-width: 767px){.stk-eaff6c8 {padding-top:50px !important;padding-right:20px !important;padding-bottom:50px !important;padding-left:20px !important;}}<\/style><div class=\"stk-row stk-inner-blocks stk-block-content stk-content-align stk-eaff6c8-column alignfull\">\n<div class=\"wp-block-stackable-column stk-block-column stk-column stk-block stk-d644cd6\" data-v=\"4\" data-block-id=\"d644cd6\"><style>.stk-d644cd6 {align-self:flex-start !important;}.stk-d644cd6-inner-blocks{align-items:flex-end !important;}@media screen and (min-width: 768px){.stk-d644cd6 {flex:var(--stk-flex-grow, 1) 1 calc(40% - var(--stk-column-gap, 0px) * 1 \/ 2 ) !important;}}<\/style><div class=\"stk-column-wrapper stk-block-column__content stk-container stk-d644cd6-container stk--no-background stk--no-padding\"><div class=\"stk--column-flex stk-block-content stk-inner-blocks stk-d644cd6-inner-blocks\">\n<figure class=\"wp-block-image alignfull size-full is-style-default\"><img decoding=\"async\" width=\"2560\" height=\"1707\" src=\"https:\/\/jonpult.ch\/wp-content\/smush-webp\/2023\/05\/Foto-UeBER-MICH-unten-scaled.jpg.webp\" alt=\"\" class=\"wp-image-3013\" srcset=\"https:\/\/jonpult.ch\/wp-content\/smush-webp\/2023\/05\/Foto-UeBER-MICH-unten-scaled.jpg.webp 2560w, https:\/\/jonpult.ch\/wp-content\/smush-webp\/2023\/05\/Foto-UeBER-MICH-unten-300x200.jpg.webp 300w, https:\/\/jonpult.ch\/wp-content\/smush-webp\/2023\/05\/Foto-UeBER-MICH-unten-1024x683.jpg.webp 1024w, https:\/\/jonpult.ch\/wp-content\/smush-webp\/2023\/05\/Foto-UeBER-MICH-unten-768x512.jpg.webp 768w, https:\/\/jonpult.ch\/wp-content\/smush-webp\/2023\/05\/Foto-UeBER-MICH-unten-1536x1024.jpg.webp 1536w, https:\/\/jonpult.ch\/wp-content\/smush-webp\/2023\/05\/Foto-UeBER-MICH-unten-2048x1365.jpg.webp 2048w, https:\/\/jonpult.ch\/wp-content\/smush-webp\/2023\/05\/Foto-UeBER-MICH-unten-1200x800.jpg.webp 1200w, https:\/\/jonpult.ch\/wp-content\/smush-webp\/2023\/05\/Foto-UeBER-MICH-unten-50x33.jpg.webp 50w, https:\/\/jonpult.ch\/wp-content\/smush-webp\/2023\/05\/Foto-UeBER-MICH-unten-75x50.jpg.webp 75w, https:\/\/jonpult.ch\/wp-content\/smush-webp\/2023\/05\/Foto-UeBER-MICH-unten-100x67.jpg.webp 100w, https:\/\/jonpult.ch\/wp-content\/smush-webp\/2023\/05\/Foto-UeBER-MICH-unten-150x100.jpg.webp 150w, https:\/\/jonpult.ch\/wp-content\/smush-webp\/2023\/05\/Foto-UeBER-MICH-unten-960x640.jpg.webp 960w, https:\/\/jonpult.ch\/wp-content\/smush-webp\/2023\/05\/Foto-UeBER-MICH-unten-640x427.jpg.webp 640w, https:\/\/jonpult.ch\/wp-content\/smush-webp\/2023\/05\/Foto-UeBER-MICH-unten-1152x768.jpg.webp 1152w, https:\/\/jonpult.ch\/wp-content\/smush-webp\/2023\/05\/Foto-UeBER-MICH-unten-1620x1080.jpg.webp 1620w, https:\/\/jonpult.ch\/wp-content\/smush-webp\/2023\/05\/Foto-UeBER-MICH-unten-1920x1280.jpg.webp 1920w\" sizes=\"(max-width: 2560px) 100vw, 2560px\" \/><\/figure>\n<\/div><\/div><\/div>\n\n\n\n<div class=\"wp-block-stackable-column stk-block-column stk-column stk-block stk-1a6c90a\" data-v=\"4\" data-block-id=\"1a6c90a\"><style>.stk-1a6c90a {align-self:flex-start !important;}.stk-1a6c90a-inner-blocks{align-items:flex-start !important;row-gap:var(--stk--preset--spacing--none, 0px) !important;}@media screen and (min-width: 768px){.stk-1a6c90a {flex:var(--stk-flex-grow, 1) 1 calc(60% - var(--stk-column-gap, 0px) * 1 \/ 2 ) !important;}}<\/style><div class=\"stk-column-wrapper stk-block-column__content stk-container stk-1a6c90a-container stk--no-background stk--no-padding\"><div class=\"has-text-align-left stk--column-flex stk-block-content stk-inner-blocks stk-1a6c90a-inner-blocks\">\n<h2 class=\"wp-block-heading\"><strong>Mias Valuors<\/strong><\/h2>\n\n\n\n<p>Construir punts e na m\u00fcrs. Dar curaschi e na far temma. A quai craj eu. Sco uman, sco politiker ed eir in meis manster sco cusgliader da strategia e comunicaziun.   <\/p>\n\n\n\n<p>Cun meis ingaschamaint politic possa cumbatter dasp\u00f6 mia giuvent\u00fcm per mias valuors. Mia visiun es \u00fcna societ\u00e0 libra, g\u00fcsta e solidarica chi protegia nossa nat\u00fcra e respetta cun quai las generaziuns futuras.  <\/p>\n\n\n\n<p>Patria es per mai il l\u00f6 ingio chi\u2019s sainta bain. Cun quai ch\u2019eu am saint bain bod dapertuot m\u2019incleg eu eir sco cosmopolit. Ma in meis cour sun eu \u00fcn Grischun europeic cun ragischs in Engiadina ed in Italia.  <\/p>\n\n\n\n<p>In Svizra predscha nos patrimoni progressiv e liberal dasp\u00f6 il 1848, la diversit\u00e0 culturala, nos stadi social e il bun servezzan public. Quai chi\u2019m disturba es nossa debla conscienza europeica e nossa protecziun da l\u2019ambiaint insufficiainta. <\/p>\n\n\n\n<p>La Svizra ha \u00fcn nosch avegnir sch\u2019ella fabricha m\u00fcrs. Scha la clicca dals raps as fa valair s\u00fcn cuosts da la populaziun. Scha profits persunals sun pl\u00fc importants co \u00fcna sana nat\u00fcra. O scha \u00fcn p\u00ear pussants pretendan per sai svessa e lur amis privilegis e traplignan al listess mumaint s\u00fcn umans chi nu pon apaina as dostar.   <\/p>\n<\/div><\/div><\/div>\n<\/div><\/div>\n","protected":false},"excerpt":{"rendered":"<p>Biografia Als 12 october 1984 sun eu nat a Scuol cul dubel vaschinadi svizzer-talian. A Guarda in Engiadina Bassa e a Milan n\u2019haja passant\u00e0 mia infanzia. Avant co cumanzar la scoulina a Domat\/Ems e Cuoira nu savaiva tudais-ch. Imprender davopro tudais-ch es stat \u00fcna lecziun fundamentala: Discuorrer \u00fcn cun tschel voul dir tadlar, incleger \u2013 [&hellip;]<\/p>\n","protected":false},"author":1,"featured_media":0,"parent":0,"menu_order":0,"comment_status":"closed","ping_status":"closed","template":"","meta":{"_acf_changed":false,"inline_featured_image":false,"footnotes":""},"class_list":["post-229","page","type-page","status-publish","hentry"],"acf":[],"_links":{"self":[{"href":"https:\/\/jonpult.ch\/rm\/wp-json\/wp\/v2\/pages\/229","targetHints":{"allow":["GET"]}}],"collection":[{"href":"https:\/\/jonpult.ch\/rm\/wp-json\/wp\/v2\/pages"}],"about":[{"href":"https:\/\/jonpult.ch\/rm\/wp-json\/wp\/v2\/types\/page"}],"author":[{"embeddable":true,"href":"https:\/\/jonpult.ch\/rm\/wp-json\/wp\/v2\/users\/1"}],"replies":[{"embeddable":true,"href":"https:\/\/jonpult.ch\/rm\/wp-json\/wp\/v2\/comments?post=229"}],"version-history":[{"count":16,"href":"https:\/\/jonpult.ch\/rm\/wp-json\/wp\/v2\/pages\/229\/revisions"}],"predecessor-version":[{"id":5359,"href":"https:\/\/jonpult.ch\/rm\/wp-json\/wp\/v2\/pages\/229\/revisions\/5359"}],"wp:attachment":[{"href":"https:\/\/jonpult.ch\/rm\/wp-json\/wp\/v2\/media?parent=229"}],"curies":[{"name":"wp","href":"https:\/\/api.w.org\/{rel}","templated":true}]}}

<div class="wp-block-stackable-columns alignfull stk-block-columns stk-block stk-d6ae916 stk-block-background stk-entrance" data-block-id="d6ae916"><style>.stk-d6ae916 {background-color:#eef4f9 !important;align-items:center !important;padding-top:75px !important;padding-right:175px !important;padding-bottom:75px !important;padding-left:175px !important;margin-bottom:0px !important;display:flex !important;--entrance-transform:translateY(0px) !important;}.stk-d6ae916:before{background-color:#eef4f9 !important;}.stk-d6ae916-column{--stk-column-gap:30px !important;}@media screen and (max-width: 767px){.stk-d6ae916 {padding-top:50px !important;padding-right:20px !important;padding-bottom:50px !important;padding-left:20px !important;margin-right:0px !important;margin-bottom:0px !important;margin-left:0px !important;--stk-col-order-1:2 !important;--stk-col-order-2:1 !important;}}</style><div class="stk-row stk-inner-blocks stk-block-content stk-content-align stk-d6ae916-column alignfull">
<div class="wp-block-stackable-column stk-block-column stk-column stk-block stk-cfd7156" data-v="4" data-block-id="cfd7156"><style>.stk-cfd7156 {align-self:flex-start !important;}.stk-cfd7156-inner-blocks{align-items:flex-start !important;row-gap:var(--stk--preset--spacing--none, 0px) !important;}@media screen and (min-width: 768px){.stk-cfd7156 {flex:var(--stk-flex-grow, 1) 1 calc(60% - var(--stk-column-gap, 0px) * 1 / 2 ) !important;}}</style><div class="stk-column-wrapper stk-block-column__content stk-container stk-cfd7156-container stk--no-background stk--no-padding"><div class="has-text-align-left stk--column-flex stk-block-content stk-inner-blocks stk-cfd7156-inner-blocks">
<h2 class="wp-block-heading"><strong>Biografia</strong></h2>



<p>Als 12 october 1984 sun eu nat a Scuol cul dubel vaschinadi svizzer-talian. A Guarda in Engiadina Bassa e a Milan n’haja passantà mia infanzia. Avant co cumanzar la scoulina a Domat/Ems e Cuoira nu savaiva tudais-ch. Imprender davopro tudais-ch es stat üna lecziun fundamentala: Discuorrer ün cun tschel voul dir tadlar, incleger – e esser svessa inclegiantaivel. Uschè as fabricha punts ün cun tschel. Quai m’ha fuormà. Fingià bod n’haja realisà cha la trilinguità e la diversità culturala da mia famiglia es üna furtüna.       </p>



<p>Eu n’ha frequentà la scoula primara ed il gimnasi a Cuoira, ingio ch’eu sun creschü sü insembel cun meis genituors e meis frar.  &nbsp;A <a href="http://www.uzh.ch/index.html" target="_blank" rel="noreferrer noopener">l’università da Turich</a> &nbsp;n’haja stübgià istorgia, istorgia da l’economia ed istorgia sociala sco eir filosofia e fat il licenziat. Daspö il gimnasi n’haja investi bler temp ed energia illa lavur politica. Cun 19 ons suna gnü elet sco cusglier comünal da Cuoira e cun 24 ons sco president dal PS Grischun, cun 26 ons sco grondcusglier, cun 29 ons sco president da <a href="https://proalps.ch/">Pro Alps</a> (viavant Iniziativa da las Alps), cun 35 ons sco cusglier naziunal e cun 36 sco vicepresident dal PS Svizzra. Cun 39 ons sun eu stat, insembel cun l’actual cusglier federal Beat Jans, candidat official per la successiun dal ex cusglier federal Alain Berset. Hoz n’haja l’onur dad esser il president da la <a href="https://www.sga-aspe.ch/">Società svizra per la politica da l’exteriur SGA-ASPE</a> e da la <a href="https://www.fmr.ch/de/">FMR Fundaziun Medias Rumantschas</a>.    </p>



<p>Sper la politica ed il stüdi n’haja lavurà sco magister auxiliar per rimplazzamaints. Per set ons n’haja lavurà sco cusgliader da strategia e comunicaziun pro l’agentura zürigaisa Feinheit SA. &nbsp;<a href="https://feinheit.ch/" target="_blank" rel="noreferrer noopener">Feinheit SA.</a> Hoz sun eu president dal cussagl administrativ da Feinheit. Eu viv a Cuoira e a Berna cun mia duonna e mia figlia.  </p>



<p>Meis hobis sun leger, viagiar, mangiar, far jogging e star insembel cun meis amis.</p>
</div></div></div>



<div class="wp-block-stackable-column stk-block-column stk-column stk-block stk-5d8ef97" data-v="4" data-block-id="5d8ef97"><style>.stk-5d8ef97 {align-self:flex-start !important;}.stk-5d8ef97-inner-blocks{align-items:flex-start !important;}@media screen and (min-width: 768px){.stk-5d8ef97 {flex:var(--stk-flex-grow, 1) 1 calc(40% - var(--stk-column-gap, 0px) * 1 / 2 ) !important;}}</style><div class="stk-column-wrapper stk-block-column__content stk-container stk-5d8ef97-container stk--no-background stk--no-padding"><div class="stk--column-flex stk-block-content stk-inner-blocks stk-5d8ef97-inner-blocks">
<figure class="wp-block-image alignfull size-full is-style-default"><img decoding="async" width="1263" height="867" src="https://jonpult.ch/wp-content/smush-webp/2023/05/Foto-UeBER-MICH-mitte.jpg.webp" alt="" class="wp-image-3007" srcset="https://jonpult.ch/wp-content/smush-webp/2023/05/Foto-UeBER-MICH-mitte.jpg.webp 1263w, https://jonpult.ch/wp-content/smush-webp/2023/05/Foto-UeBER-MICH-mitte-300x206.jpg.webp 300w, https://jonpult.ch/wp-content/smush-webp/2023/05/Foto-UeBER-MICH-mitte-1024x703.jpg.webp 1024w, https://jonpult.ch/wp-content/smush-webp/2023/05/Foto-UeBER-MICH-mitte-768x527.jpg.webp 768w, https://jonpult.ch/wp-content/smush-webp/2023/05/Foto-UeBER-MICH-mitte-1200x824.jpg.webp 1200w, https://jonpult.ch/wp-content/smush-webp/2023/05/Foto-UeBER-MICH-mitte-50x34.jpg.webp 50w, https://jonpult.ch/wp-content/smush-webp/2023/05/Foto-UeBER-MICH-mitte-73x50.jpg.webp 73w, https://jonpult.ch/wp-content/smush-webp/2023/05/Foto-UeBER-MICH-mitte-100x69.jpg.webp 100w, https://jonpult.ch/wp-content/smush-webp/2023/05/Foto-UeBER-MICH-mitte-146x100.jpg.webp 146w, https://jonpult.ch/wp-content/smush-webp/2023/05/Foto-UeBER-MICH-mitte-932x640.jpg.webp 932w, https://jonpult.ch/wp-content/smush-webp/2023/05/Foto-UeBER-MICH-mitte-640x439.jpg.webp 640w, https://jonpult.ch/wp-content/smush-webp/2023/05/Foto-UeBER-MICH-mitte-1119x768.jpg.webp 1119w" sizes="(max-width: 1263px) 100vw, 1263px" /></figure>
</div></div></div>
</div></div>



<div style="height:50px" aria-hidden="true" class="wp-block-spacer"></div>



<div class="wp-block-stackable-columns alignfull stk-block-columns stk-block stk-eaff6c8 stk-block-background stk-entrance" data-block-id="eaff6c8"><style>.stk-eaff6c8 {background-color:#f2ba42 !important;align-items:flex-start !important;padding-top:75px !important;padding-right:175px !important;padding-bottom:75px !important;padding-left:175px !important;margin-bottom:0px !important;display:flex !important;--entrance-transform:translateY(0px) !important;}.stk-eaff6c8:before{background-color:#f2ba42 !important;}.stk-eaff6c8-column{--stk-column-gap:30px !important;}@media screen and (max-width: 767px){.stk-eaff6c8 {padding-top:50px !important;padding-right:20px !important;padding-bottom:50px !important;padding-left:20px !important;}}</style><div class="stk-row stk-inner-blocks stk-block-content stk-content-align stk-eaff6c8-column alignfull">
<div class="wp-block-stackable-column stk-block-column stk-column stk-block stk-d644cd6" data-v="4" data-block-id="d644cd6"><style>.stk-d644cd6 {align-self:flex-start !important;}.stk-d644cd6-inner-blocks{align-items:flex-end !important;}@media screen and (min-width: 768px){.stk-d644cd6 {flex:var(--stk-flex-grow, 1) 1 calc(40% - var(--stk-column-gap, 0px) * 1 / 2 ) !important;}}</style><div class="stk-column-wrapper stk-block-column__content stk-container stk-d644cd6-container stk--no-background stk--no-padding"><div class="stk--column-flex stk-block-content stk-inner-blocks stk-d644cd6-inner-blocks">
<figure class="wp-block-image alignfull size-full is-style-default"><img decoding="async" width="2560" height="1707" src="https://jonpult.ch/wp-content/smush-webp/2023/05/Foto-UeBER-MICH-unten-scaled.jpg.webp" alt="" class="wp-image-3013" srcset="https://jonpult.ch/wp-content/smush-webp/2023/05/Foto-UeBER-MICH-unten-scaled.jpg.webp 2560w, https://jonpult.ch/wp-content/smush-webp/2023/05/Foto-UeBER-MICH-unten-300x200.jpg.webp 300w, https://jonpult.ch/wp-content/smush-webp/2023/05/Foto-UeBER-MICH-unten-1024x683.jpg.webp 1024w, https://jonpult.ch/wp-content/smush-webp/2023/05/Foto-UeBER-MICH-unten-768x512.jpg.webp 768w, https://jonpult.ch/wp-content/smush-webp/2023/05/Foto-UeBER-MICH-unten-1536x1024.jpg.webp 1536w, https://jonpult.ch/wp-content/smush-webp/2023/05/Foto-UeBER-MICH-unten-2048x1365.jpg.webp 2048w, https://jonpult.ch/wp-content/smush-webp/2023/05/Foto-UeBER-MICH-unten-1200x800.jpg.webp 1200w, https://jonpult.ch/wp-content/smush-webp/2023/05/Foto-UeBER-MICH-unten-50x33.jpg.webp 50w, https://jonpult.ch/wp-content/smush-webp/2023/05/Foto-UeBER-MICH-unten-75x50.jpg.webp 75w, https://jonpult.ch/wp-content/smush-webp/2023/05/Foto-UeBER-MICH-unten-100x67.jpg.webp 100w, https://jonpult.ch/wp-content/smush-webp/2023/05/Foto-UeBER-MICH-unten-150x100.jpg.webp 150w, https://jonpult.ch/wp-content/smush-webp/2023/05/Foto-UeBER-MICH-unten-960x640.jpg.webp 960w, https://jonpult.ch/wp-content/smush-webp/2023/05/Foto-UeBER-MICH-unten-640x427.jpg.webp 640w, https://jonpult.ch/wp-content/smush-webp/2023/05/Foto-UeBER-MICH-unten-1152x768.jpg.webp 1152w, https://jonpult.ch/wp-content/smush-webp/2023/05/Foto-UeBER-MICH-unten-1620x1080.jpg.webp 1620w, https://jonpult.ch/wp-content/smush-webp/2023/05/Foto-UeBER-MICH-unten-1920x1280.jpg.webp 1920w" sizes="(max-width: 2560px) 100vw, 2560px" /></figure>
</div></div></div>



<div class="wp-block-stackable-column stk-block-column stk-column stk-block stk-1a6c90a" data-v="4" data-block-id="1a6c90a"><style>.stk-1a6c90a {align-self:flex-start !important;}.stk-1a6c90a-inner-blocks{align-items:flex-start !important;row-gap:var(--stk--preset--spacing--none, 0px) !important;}@media screen and (min-width: 768px){.stk-1a6c90a {flex:var(--stk-flex-grow, 1) 1 calc(60% - var(--stk-column-gap, 0px) * 1 / 2 ) !important;}}</style><div class="stk-column-wrapper stk-block-column__content stk-container stk-1a6c90a-container stk--no-background stk--no-padding"><div class="has-text-align-left stk--column-flex stk-block-content stk-inner-blocks stk-1a6c90a-inner-blocks">
<h2 class="wp-block-heading"><strong>Mias Valuors</strong></h2>



<p>Construir punts e na mürs. Dar curaschi e na far temma. A quai craj eu. Sco uman, sco politiker ed eir in meis manster sco cusgliader da strategia e comunicaziun.   </p>



<p>Cun meis ingaschamaint politic possa cumbatter daspö mia giuventüm per mias valuors. Mia visiun es üna società libra, güsta e solidarica chi protegia nossa natüra e respetta cun quai las generaziuns futuras.  </p>



<p>Patria es per mai il lö ingio chi’s sainta bain. Cun quai ch’eu am saint bain bod dapertuot m’incleg eu eir sco cosmopolit. Ma in meis cour sun eu ün Grischun europeic cun ragischs in Engiadina ed in Italia.  </p>



<p>In Svizra predscha nos patrimoni progressiv e liberal daspö il 1848, la diversità culturala, nos stadi social e il bun servezzan public. Quai chi’m disturba es nossa debla conscienza europeica e nossa protecziun da l’ambiaint insufficiainta. </p>



<p>La Svizra ha ün nosch avegnir sch’ella fabricha mürs. Scha la clicca dals raps as fa valair sün cuosts da la populaziun. Scha profits persunals sun plü importants co üna sana natüra. O scha ün pêr pussants pretendan per sai svessa e lur amis privilegis e traplignan al listess mumaint sün umans chi nu pon apaina as dostar.   </p>
</div></div></div>
</div></div>

<p>Biografia Als 12 october 1984 sun eu nat a Scuol cul dubel vaschinadi svizzer-talian. A Guarda in Engiadina Bassa e a Milan n’haja passantà mia infanzia. Avant co cumanzar la scoulina a Domat/Ems e Cuoira nu savaiva tudais-ch. Imprender davopro tudais-ch es stat üna lecziun fundamentala: Discuorrer ün cun tschel voul dir tadlar, incleger – [&hellip;]</p>
